{"id":26,"date":"2019-10-30T08:04:23","date_gmt":"2019-10-30T08:04:23","guid":{"rendered":"https:\/\/demo.casethemes.net\/consultio\/?page_id=26"},"modified":"2021-06-23T16:20:14","modified_gmt":"2021-06-23T19:20:14","slug":"sobre","status":"publish","type":"page","link":"https:\/\/abep-prodabel.com.br\/index.php\/sobre\/","title":{"rendered":"Sobre"},"content":{"rendered":"<h3>\n                            <i><\/i><br \/>\n                        Sobre a Abep<br \/>\n            <\/h3>\n<p>A Associa\u00e7\u00e3o Beneficente dos Empregados da Prodabel \u2013 ABEP, fundada em 19\/07\/1982, tem por miss\u00e3o promover o bem-estar dos seus associados, proporcionando-lhes (diretamente ou por meio de conv\u00eanios) assist\u00eancia social, m\u00e9dica, financeira e jur\u00eddica, promovendo ainda, atividades que visam o aprimoramento f\u00edsico, intelectual, e social de seus integrantes. A ABEP, regida por um Estatuto, \u00e9 uma entidade civil apartid\u00e1ria e sem fins lucrativos, com sede e foro em Belo Horizonte, bem como prazo indeterminado de dura\u00e7\u00e3o. <\/p>\n<\/p>\n<p>Dentre os benef\u00edcios que a ABEP proporciona, podemos destacar o reembolso de despesas com tratamento odontol\u00f3gico e com a compra de medicamentos, al\u00e9m da promo\u00e7\u00e3o de atividades de lazer como festas, viagens e passeios. Para conhecer toda a gama de benef\u00edcios que a ABEP disponibiliza a seus associados e dependentes, acesse o Manual de Benef\u00edcios na p\u00e1gina principal. Para sanar qualquer d\u00favida, entre em contato com os diretores ou empregados da associa\u00e7\u00e3o.<\/p>\n<p><b>\u00a0DIRETORIA DA ABEP<\/b><\/p>\n<p>Presidente: Ricardo Jos\u00e9 Teixeira Leite<\/p>\n<p>Diretor Administrativo e Financeiro: Francis Eust\u00e1quio de Carvalho<\/p>\n<p>Diretor de Benef\u00edcios e Atividades Sociais: D\u00e1lcio Tadeu Pimentel<\/p>\n<p>\t\t\t\t\t\t\t\t\t\t<img decoding=\"async\" width=\"350\" height=\"1\" src=\"http:\/\/www.abep-prodabel.com.br\/wp-content\/uploads\/2019\/12\/about-gap.png\" alt=\"\" loading=\"lazy\" srcset=\"https:\/\/www.abep-prodabel.com.br\/wp-content\/uploads\/2019\/12\/about-gap.png 350w, https:\/\/www.abep-prodabel.com.br\/wp-content\/uploads\/2019\/12\/about-gap-300x1.png 300w, https:\/\/www.abep-prodabel.com.br\/wp-content\/uploads\/2019\/12\/about-gap-250x1.png 250w, https:\/\/www.abep-prodabel.com.br\/wp-content\/uploads\/2019\/12\/about-gap-150x1.png 150w\" sizes=\"auto, (max-width: 350px) 100vw, 350px\" \/><br \/>\n\t\t\t\t\t\t\t\t\t\t<img decoding=\"async\" width=\"558\" height=\"631\" src=\"http:\/\/www.abep-prodabel.com.br\/wp-content\/uploads\/2020\/12\/Sobre-Home.jpg\" alt=\"\" loading=\"lazy\" srcset=\"https:\/\/www.abep-prodabel.com.br\/wp-content\/uploads\/2020\/12\/Sobre-Home.jpg 558w, https:\/\/www.abep-prodabel.com.br\/wp-content\/uploads\/2020\/12\/Sobre-Home-265x300.jpg 265w\" sizes=\"auto, (max-width: 558px) 100vw, 558px\" \/>\t\t\t\t\t\t\t\t\t\t\t<\/p>\n<h3>\n            Miss\u00e3o        <\/h3>\n<p>        Melhorar a qualidade de vida dos associados e seus dependentes atrav\u00e9s dos nossos servi\u00e7os e acessibilidade m\u00fatua.<\/p>\n<h3>\n            Vis\u00e3o        <\/h3>\n<p>        Ser reconhecida como uma associa\u00e7\u00e3o moderna, atuante e humana ao mesmo tempo na presta\u00e7\u00e3o de benef\u00edcios e servi\u00e7os.<\/p>\n<h3>\n            Valores        <\/h3>\n<p>        Cuidado ao pr\u00f3ximo, valoriza\u00e7\u00e3o \u00e0 vida honestidade em todas as nossas a\u00e7\u00f5es, transpar\u00eancia e, respeito a todos.<\/p>\n<h5>BENEF\u00cdCIO DO ASSOCIADO<\/h5>\n<p>\u00a0A ABEP fornece diversas vantagens e confortos para os seus associados em todos os momentos de sua vida. A partir da contribui\u00e7\u00e3o mensal, todos t\u00eam direito aos conv\u00eanios, parcerias e benef\u00edcios mediante reembolso.\u00a0<\/p>\n<p>Conhe\u00e7a alguns deles:<\/p>\n<p>Seguro de vida;<\/p>\n<p>Aux\u00edlio funeral;<\/p>\n<p>Conv\u00eanios m\u00e9dicos e odontol\u00f3gicos;<\/p>\n<p>Para os servi\u00e7os descritos acima o associado n\u00e3o precisa contribuir a mais. Eles j\u00e1 est\u00e3o inclu\u00eddos e deduzidos em sua cota trimestral.<\/p>\n<p><b>Como usufruir dos benef\u00edcios:<\/b><\/p>\n<p>Identifique-se como associado, apresentando seu crach\u00e1 com o adesivo da ABEP e tenha mais este benef\u00edcio.<\/p>\n<p><b>Como pedir reembolso:<\/b><\/p>\n<p>Os reembolsos s\u00e3o trimestrais e devem ser feitos at\u00e9 o dia 13 do \u00faltimo m\u00eas do trimestre correspondente. Para maiores informa\u00e7\u00f5es, acesse a aba sobre reembolsos.<\/p>\n<p><b>Acesse o Manual de Benef\u00edcios para saber mais:<\/b><\/p>\n<p>Conhe\u00e7a todos os benef\u00edcios que a ABEP oferece para os associados baixando o nosso Guia<br \/><a href=\"http:\/\/www.abep-prodabel.com.br\/wp-content\/uploads\/2021\/06\/GUIA-BENEFICIOS.pdf\" target=\"_blank\" rel=\"noopener noreferrer\">Manual de Benef\u00edcio<\/a><\/p>\n<h5>SOBRE REEMBOLSOS E SOLICITA\u00c7\u00d5ES<\/h5>\n<p>Todo benef\u00edcio concedido pela ABEP ser\u00e1 reembolsado de maneira devida, atrav\u00e9s do formul\u00e1rio dispon\u00edvel na ABA de formul\u00e1rios.\u00a0<\/p>\n<p><b>1.1-VALOR DA COTA PARA REEMBOLSOS<\/b><\/p>\n<p>O valor da cota ser\u00e1 de\u00a0<b>70% ( Setenta por Cento)<\/b> da soma da contribui\u00e7\u00e3o trimestral para cada\u00a0associado.<\/p>\n<p>Assim, se, por exemplo, o associado contribuir com R$ 55,00\u00a0o valor total da cota ser\u00e1 de R$\u00a0462,00, dividida em 4 parcelas trimestrais de R$ 115,50.<\/p>\n<p>A cota n\u00e3o utilizada no trimestre, seja ela parcial ou total, n\u00e3o acumula para o pr\u00f3ximo trimestre.<\/p>\n<p><b>1.2-OS REEMBOLSOS<\/b><\/p>\n<p>O reembolso ser\u00e1 trimestral, devendo o associado apresentar o pedido de reembolso at\u00e9 o dia 13 do \u00faltimo m\u00eas do trimestre.<\/p>\n<p>Assim o associado dever\u00e1 solicitar o reembolso trimestral nas datas limites:\u00a0<\/p>\n<p>1\u00ba Trimestre at\u00e9 13\/03<\/p>\n<p>2\u00ba Trimestre at\u00e9 13\/06<\/p>\n<p>3\u00ba Trimestre at\u00e9 13\/09<\/p>\n<p>4\u00ba Trimestre at\u00e9 13\/12<\/p>\n<p>O associado que contribui, por exemplo, com o valor de R$\u00a055,00 mensais, ter\u00e1 sua cota trimestral de R$\u00a0115,50.<\/p>\n<p>Se o associado apresentar notas no valor de R$ 150,00 ter\u00e1 um reembolso de R$\u00a0115,50.<\/p>\n<p>Se o associado apresentar notas no valor de R$ 100,00 ter\u00e1 o reembolso de R$ 100,00.<\/p>\n<p>A cota n\u00e3o utilizada no trimestre, seja ele parcial ou total, n\u00e3o acumula para o pr\u00f3ximo trimestre.<\/p>\n<p><b>1.3-TIPOS DE REEMBOLSOS<\/b><\/p>\n<p>Os reembolsos concedidos pela ABEP para associados e dependentes, incidir\u00e3o sobre despesas provenientes de:<\/p>\n<p>&#8211; Tratamento Dent\u00e1rio em geral e manuten\u00e7\u00e3o de aparelhos;<\/p>\n<p>&#8211; Tratamento Psicol\u00f3gico, Psicoter\u00e1pico e Psicopedag\u00f3gico;<\/p>\n<p>&#8211; Tratamento Fonoaudiol\u00f3gico;<\/p>\n<p>&#8211; Tratamento Foni\u00e1trico;<\/p>\n<p>&#8211; Tratamento Nutricional;<\/p>\n<p>&#8211; Terapia Ocupacional;<\/p>\n<p>&#8211;\u00a0Tratamento de\u00a0Acupuntura;<\/p>\n<p>&#8211; Aquisi\u00e7\u00e3o\u00a0de aparelho corretivo ortop\u00e9dico (bota, palmilha e outros);<\/p>\n<p>&#8211; Aquisi\u00e7\u00e3o de \u00f3culos corretivos, lentes de contato e procedimentos oftalmol\u00f3gicos, desde que por indica\u00e7\u00e3o m\u00e9dica;<\/p>\n<p>&#8211; Compra de medicamentos, (Rem\u00e9dios homeop\u00e1ticos, Rem\u00e9dios Gen\u00e9ricos, Rem\u00e9dios alop\u00e1ticos, Produtos medicamentosos, Rem\u00e9dios manipulados);<\/p>\n<p>&#8211; Meias e cintas por indica\u00e7\u00e3o m\u00e9dica;<\/p>\n<p>&#8211; Vacinas com receita m\u00e9dica;<\/p>\n<p>&#8211; Despesa com ligadura de trompas, vasectomia\u00a0e coloca\u00e7\u00e3o de DIU (Dispositivo intrauterino),\u00a0desde que por indica\u00e7\u00e3o m\u00e9dica;<\/p>\n<p>-Exames Hospitalares e Cirurgias n\u00e3o acobertadas pelo Plano de Sa\u00fade;<\/p>\n<p>\u00a0&#8211; Reembolso de inscri\u00e7\u00e3o em eventos de corrida de rua, academias e pr\u00e1ticas esportivas;<\/p>\n<p>&#8211; Inscri\u00e7\u00e3o em concursos p\u00fablicos, matr\u00edculas e mensalidades em cursos\u00a0preparat\u00f3rios\u00a0para concursos;<\/p>\n<p>\u00a0&#8211; Livros escolares e\u00a0t\u00e9cnicos;<\/p>\n<p>\u00a0&#8211; Matr\u00edculas e mensalidades em creches, Escolas e Faculdades;\u00a0<\/p>\n<p>\u00a0&#8211; Despesas com Funeral\u00a0de titular e\u00a0dependentes;<\/p>\n<p>\u00a0\u00a0&#8211;\u00a0Previd\u00eancia\u00a0complementar;<\/p>\n<p>\u00a0&#8211;\u00a0 E outros \u00e0 crit\u00e9rio da Diretoria.<\/p>\n<p><b>Acesse o Manual de Benef\u00edcios para saber mais:<\/b><\/p>\n<p>Conhe\u00e7a todos os benef\u00edcios que a ABEP oferece para os associados baixando o nosso Guia.<\/p>\n<p><b>1.4-TIPOS DE BENEF\u00cdCIOS<\/b><\/p>\n<p>\u00a0AUX\u00cdLIO NATALIDADE<\/p>\n<p>Esse benef\u00edcio tem como objetivo auxiliar a m\u00e3e, nas despesas oriundas da maternidade tais como: locomo\u00e7\u00e3o compra de roupas e acess\u00f3rios para o beb\u00ea e pequenos gastos imprevistos. Seu valor \u00e9 estipulado sendo o saldo da cota do trimestre, vigente no per\u00edodo da solicita\u00e7\u00e3o do benef\u00edcio, atento para a validade do documento.<\/p>\n<p>\u00a0Para a concess\u00e3o, devem ser observadas as seguintes instru\u00e7\u00f5es:<\/p>\n<p>* Ser associado (a), e estar contribuindo regularmente para ABEP h\u00e1 mais de 90 (noventa) dias;<\/p>\n<p>* Preencher o formul\u00e1rio de solicita\u00e7\u00e3o de benef\u00edcios, que se encontra dispon\u00edvel no site da ABEP;<\/p>\n<p>* Anexar c\u00f3pia Xerox da certid\u00e3o de nascimento da crian\u00e7a;<\/p>\n<p>* O (a) associado (a), ter\u00e1 o prazo de 90 (noventa) dias para solicitar o beneficio, contados a partir da data do nascimento da crian\u00e7a, para solicitar o benef\u00edcio, constatada pela certid\u00e3o de nascimento, sob pena de caducidade do direito ao benef\u00edcio, nos casos em que o c\u00f4njuge for tamb\u00e9m associado (a) da ABEP, este\u00a0 reembolso ser\u00e1 concedidos para o associado que ficar com o registro de depend\u00eancia do filho na ABEP.<\/p>\n<p>\u00a0<\/p>\n<p>AUX\u00cdLIO MATRIM\u00d4NIO<\/p>\n<p>Seu valor \u00e9 estipulado sendo o saldo da cota do trimestre, vigente no per\u00edodo da solicita\u00e7\u00e3o do benef\u00edcio, atento para a validade do documento.\u00a0<\/p>\n<p>* Ser associado (a) e estar contribuindo regularmente para a ABEP h\u00e1 mais de 90 (noventa) dias;<\/p>\n<p>* Preencher o formul\u00e1rio de solicita\u00e7\u00e3o de benef\u00edcios, que se encontra dispon\u00edvel na ABEP;<\/p>\n<p>* Anexar c\u00f3pia Xerox da certid\u00e3o de casamento.<\/p>\n<p>* O associado (a), ter\u00e1 o prazo de 90 (noventa) dias para solicitar o benef\u00edcio, contados a partir da data do casamento, fixada na certid\u00e3o do casamento civil, nos casos em que o c\u00f4njuge for tamb\u00e9m associado (a) da ABEP, este reembolso ser\u00e1 concedidos individualmente.<\/p>\n<h2>Equipe<\/h2>\n<h4>Ivanir Eust\u00e1quio dos Santos<\/h4>\n<p>\u00a0<\/p>\n<p><b>FORMA\u00c7\u00c3O\u00a0<\/b><\/p>\n<p>T\u00e9cnico em Contabilidade 1992.\u00a0 \u2013 Registro 057.707\/0<\/p>\n<p>Cursos e atualiza\u00e7\u00f5es CRC \/ MG.<\/p>\n<p>SENAC \u2013 MG<\/p>\n<p><b>RESUMO DE QUALIFICA\u00c7\u00d5ES\u00a0<\/b><\/p>\n<p>Rotinas cont\u00e1beis.<\/p>\n<p>Interfaces com financeiro, Recursos Humanos e fornecedores para o fechamento de fluxo de caixa.<\/p>\n<p>Experi\u00eancia na \u00e1rea de Recursos Humanos.<\/p>\n<p>Experi\u00eancia em software (fechamento de folha de pagamento, c\u00e1lculos de rescis\u00e3o, cont\u00e1beis, caixas e financeiro).<\/p>\n<p><b>Fun\u00e7\u00e3o: Gerente<\/b><\/p>\n<h4>Stephanie Karen Pereira Dos Santos Silva<\/h4>\n<p><b><br \/><\/b><\/p>\n<p><b>FORMA\u00c7\u00c3O:<\/b>&nbsp;<\/p>\n<p>Bacharel em Administra\u00e7\u00e3o<\/p>\n<p><b>RESUMO DE QUALIFICA\u00c7\u00d5ES:<\/b>&nbsp;<\/p>\n<p>Aux\u00edlio no fechamento da folha, atendimento ao associado, elabora\u00e7\u00e3o de extrato, admiss\u00e3o e exclus\u00e3o de associados, recibos,&nbsp;elabora\u00e7\u00e3o e acompanhamento de contratos.&nbsp;Respons\u00e1vel pela organiza\u00e7\u00e3o do arquivo da \u00e1rea e outras rotinas administrativas.<\/p>\n<p>Conhecimento em word, excel, elevada capacidade de organiza\u00e7\u00e3o e proatividade e boa viv\u00eancia com as rotinas administrativas.<\/p>\n<p><b>Fun\u00e7\u00e3o<\/b>: Assistente Administrativo<\/p>\n","protected":false},"excerpt":{"rendered":"<p>Sobre a Abep A Associa\u00e7\u00e3o Beneficente dos Empregados da Prodabel \u2013 ABEP, fundada em 19\/07\/1982, tem por miss\u00e3o promover o bem-estar dos seus associados, proporcionando-lhes (diretamente ou por meio de conv\u00eanios) assist\u00eancia social, m\u00e9dica, financeira e jur\u00eddica, promovendo ainda, atividades que visam o aprimoramento f\u00edsico, intelectual, e social de seus integrantes. A ABEP, regida por [&hellip;]<\/p>\n","protected":false},"author":1,"featured_media":0,"parent":0,"menu_order":0,"comment_status":"closed","ping_status":"closed","template":"","meta":{"footnotes":""},"class_list":["post-26","page","type-page","status-publish","hentry"],"_links":{"self":[{"href":"https:\/\/abep-prodabel.com.br\/index.php\/wp-json\/wp\/v2\/pages\/26","targetHints":{"allow":["GET"]}}],"collection":[{"href":"https:\/\/abep-prodabel.com.br\/index.php\/wp-json\/wp\/v2\/pages"}],"about":[{"href":"https:\/\/abep-prodabel.com.br\/index.php\/wp-json\/wp\/v2\/types\/page"}],"author":[{"embeddable":true,"href":"https:\/\/abep-prodabel.com.br\/index.php\/wp-json\/wp\/v2\/users\/1"}],"replies":[{"embeddable":true,"href":"https:\/\/abep-prodabel.com.br\/index.php\/wp-json\/wp\/v2\/comments?post=26"}],"version-history":[{"count":59,"href":"https:\/\/abep-prodabel.com.br\/index.php\/wp-json\/wp\/v2\/pages\/26\/revisions"}],"predecessor-version":[{"id":5193,"href":"https:\/\/abep-prodabel.com.br\/index.php\/wp-json\/wp\/v2\/pages\/26\/revisions\/5193"}],"wp:attachment":[{"href":"https:\/\/abep-prodabel.com.br\/index.php\/wp-json\/wp\/v2\/media?parent=26"}],"curies":[{"name":"wp","href":"https:\/\/api.w.org\/{rel}","templated":true}]}}